{"id":89,"date":"2022-07-30T11:57:58","date_gmt":"2022-07-30T09:57:58","guid":{"rendered":"http:\/\/www.solvendis.cz.uvirt122.active24.cz\/?page_id=89"},"modified":"2025-05-19T22:59:04","modified_gmt":"2025-05-19T20:59:04","slug":"solvendis-spol-s-r-o","status":"publish","type":"page","link":"https:\/\/www.solvendis.cz\/","title":{"rendered":"SOLVENDIS, spol. s r.o."},"content":{"rendered":"\n<div class=\"wp-block-cover alignfull\" style=\"min-height:135px;aspect-ratio:unset;\"><span aria-hidden=\"true\" class=\"wp-block-cover__background has-background-dim-100 has-background-dim\" style=\"background-color:#366199\"><\/span><div class=\"wp-block-cover__inner-container is-layout-flow wp-block-cover-is-layout-flow\">\n<p class=\"has-text-align-center has-background-color has-text-color\" style=\"font-size:48px;font-style:normal;font-weight:900;line-height:1.3\">SOLVENDIS, spol. s r.o.<\/p>\n\n\n\n<p class=\"has-text-align-center has-background-color has-text-color has-huge-font-size\" style=\"font-style:normal;font-weight:700\">CNC obr\u00e1b\u011bn\u00ed &#8211; zak\u00e1zkov\u00e1 v\u00fdroba<\/p>\n<\/div><\/div>\n\n\n\n<figure class=\"wp-block-image size-large\"><img loading=\"lazy\" decoding=\"async\" width=\"1024\" height=\"645\" src=\"https:\/\/www.solvendis.cz\/wp-content\/uploads\/2022\/08\/on-white_1600_maxcrop-1024x645.jpg\" alt=\"\" class=\"wp-image-108\" srcset=\"https:\/\/www.solvendis.cz\/wp-content\/uploads\/2022\/08\/on-white_1600_maxcrop-1024x645.jpg 1024w, https:\/\/www.solvendis.cz\/wp-content\/uploads\/2022\/08\/on-white_1600_maxcrop-300x189.jpg 300w, https:\/\/www.solvendis.cz\/wp-content\/uploads\/2022\/08\/on-white_1600_maxcrop-768x484.jpg 768w, https:\/\/www.solvendis.cz\/wp-content\/uploads\/2022\/08\/on-white_1600_maxcrop.jpg 1466w\" sizes=\"auto, (max-width: 1024px) 100vw, 1024px\" \/><\/figure>\n\n\n\n<p class=\"has-text-color has-large-font-size\" style=\"color:#366199;font-style:normal;font-weight:500\">Prov\u00e1d\u00edme soustru\u017een\u00ed a fr\u00e9zov\u00e1n\u00ed se zam\u011b\u0159en\u00edm na v\u00fdrobu spot\u0159ebn\u00edch d\u00edl\u016f pro sva\u0159ovac\u00ed techniku.<\/p>\n\n\n\n<div class=\"wp-block-cover alignfull\" style=\"min-height:111px;aspect-ratio:unset;\"><span aria-hidden=\"true\" class=\"wp-block-cover__background has-background-dim-100 has-background-dim\" style=\"background-color:#366199\"><\/span><div class=\"wp-block-cover__inner-container is-layout-flow wp-block-cover-is-layout-flow\">\n<div class=\"wp-block-columns is-layout-flex wp-container-core-columns-is-layout-9d6595d7 wp-block-columns-is-layout-flex\">\n<div class=\"wp-block-column is-layout-flow wp-block-column-is-layout-flow\">\n<div class=\"wp-block-group is-nowrap is-layout-flex wp-container-core-group-is-layout-ad2f72ca wp-block-group-is-layout-flex\">\n<figure class=\"wp-block-image size-full is-resized\" id=\"block-6591d757-666d-4d66-87b9-20b8079f6289\"><img loading=\"lazy\" decoding=\"async\" src=\"https:\/\/www.solvendis.cz\/wp-content\/uploads\/2022\/08\/maps-64-white.png\" alt=\"\" class=\"wp-image-113\" width=\"40\" height=\"40\"\/><\/figure>\n\n\n\n<p id=\"block-477349a0-61c5-4118-926d-e33f3fc3c320\"><a rel=\"noreferrer noopener\" href=\"https:\/\/goo.gl\/maps\/VJP2P5U9KMvpyZAA6\" target=\"_blank\">Plask\u00e1 622\/3, Praha 5<\/a><\/p>\n<\/div>\n<\/div>\n\n\n\n<div class=\"wp-block-column is-layout-flow wp-block-column-is-layout-flow\" style=\"flex-basis:10px\"><\/div>\n\n\n\n<div class=\"wp-block-column is-layout-flow wp-block-column-is-layout-flow\">\n<div class=\"wp-block-group is-content-justification-right is-nowrap is-layout-flex wp-container-core-group-is-layout-fd526d70 wp-block-group-is-layout-flex\">\n<figure class=\"wp-block-image size-full is-resized\" id=\"block-f4406abe-5ff8-48b6-91b1-9f4103a4e29a\"><img loading=\"lazy\" decoding=\"async\" src=\"https:\/\/www.solvendis.cz\/wp-content\/uploads\/2022\/08\/email-sq-64-negative.png\" alt=\"\" class=\"wp-image-115\" width=\"32\" height=\"32\"\/><\/figure>\n\n\n\n<p id=\"block-bee784c2-f4f6-40f2-bc0b-fdcbe2c4c8cd\"><a href=\"https:\/\/mail.google.com\/mail\/?view=cm&amp;fs=1&amp;tf=1&amp;to=info@solvendis.cz\" target=\"_blank\" rel=\"noreferrer noopener\">info@solvendis.cz<\/a><\/p>\n<\/div>\n<\/div>\n<\/div>\n<\/div><\/div>\n","protected":false},"excerpt":{"rendered":"<p>Prov\u00e1d\u00edme soustru\u017een\u00ed a fr\u00e9zov\u00e1n\u00ed se zam\u011b\u0159en\u00edm na v\u00fdrobu spot\u0159ebn\u00edch d\u00edl\u016f pro sva\u0159ovac\u00ed techniku.<\/p>\n","protected":false},"author":1,"featured_media":0,"parent":0,"menu_order":0,"comment_status":"closed","ping_status":"closed","template":"","meta":{"footnotes":""},"class_list":["post-89","page","type-page","status-publish","hentry","entry"],"_links":{"self":[{"href":"https:\/\/www.solvendis.cz\/index.php?rest_route=\/wp\/v2\/pages\/89","targetHints":{"allow":["GET"]}}],"collection":[{"href":"https:\/\/www.solvendis.cz\/index.php?rest_route=\/wp\/v2\/pages"}],"about":[{"href":"https:\/\/www.solvendis.cz\/index.php?rest_route=\/wp\/v2\/types\/page"}],"author":[{"embeddable":true,"href":"https:\/\/www.solvendis.cz\/index.php?rest_route=\/wp\/v2\/users\/1"}],"replies":[{"embeddable":true,"href":"https:\/\/www.solvendis.cz\/index.php?rest_route=%2Fwp%2Fv2%2Fcomments&post=89"}],"version-history":[{"count":26,"href":"https:\/\/www.solvendis.cz\/index.php?rest_route=\/wp\/v2\/pages\/89\/revisions"}],"predecessor-version":[{"id":192,"href":"https:\/\/www.solvendis.cz\/index.php?rest_route=\/wp\/v2\/pages\/89\/revisions\/192"}],"wp:attachment":[{"href":"https:\/\/www.solvendis.cz\/index.php?rest_route=%2Fwp%2Fv2%2Fmedia&parent=89"}],"curies":[{"name":"wp","href":"https:\/\/api.w.org\/{rel}","templated":true}]}}